?
False
Let z = 345966 + -201083. Is z prime?
True
Let x(g) = 806*g + 259. Is x(18) a prime number?
True
Let z(r) = 275*r**2 + 7*r - 17. Is z(-5) prime?
True
Let q(a) = 920*a**3 - 2*a**2 + 1. Let s be q(1). Suppose -410 = -m + s. Let f = -922 + m. Is f a prime number?
False
Let n(f) = -179*f - 346. Is n(-40) a composite number?
True
Suppose -752439 = -17*o - 110978. Is o composite?
True
Suppose 337*d = 339*d + 2064. Let x = 1573 + d. Is x composite?
False
Let j = 3956 + -829. Suppose j = -20*a + 21*a. Is a a composite number?
True
Let u be (-4245)/(-2) - (-1 - 2/(-4)). Suppose -6*p + 163 = -u. Is 6/3*p/6 a prime number?
True
Let c(h) = h**3 + 6*h**2 - 2*h + 1. Let q be c(-6). Suppose q*r - 15*r = -4036. Is r composite?
True
Let t(m) = 2*m**3 - 21*m**2 - 3*m - 9. Let r(a) = a**3 - a**2 + a - 1. Let q(x) = -5*r(x) + t(x). Is q(-9) a prime number?
False
Is 24414186/54 - 378/243 a composite number?
True
Suppose -r = -4*v + 232141, -6*v + 10*r + 348219 = 7*r. Is v prime?
False
Let d = -480 + 476. Is (-158835)/(-7) + d/(-14) prime?
True
Suppose -5619538 = -59*i - 1820115. Is i a composite number?
True
Suppose 2*m + m - 2*t - 36635 = 0, 3*t = -4*m + 48858. Let p = m - 7084. Is p prime?
False
Let d = -34396 - -64297. Let h = -15514 + d. Is h a composite number?
False
Suppose 0 = 5*k - k. Suppose -3*b + 0*b = 5*f - 32, b - f = k. Is (-1 - 12/b) + 569 a prime number?
False
Let j = -216 - -217. Is ((-1)/(-1))/(((-4)/(-13004))/j) a prime number?
True
Suppose 5*n = -2*j + 36929, 2*j = -3*n - j + 22161. Suppose n + 6780 = 5*x. Is x prime?
True
Let g(w) = -119*w + 18901. Is g(0) prime?
False
Suppose -2*n = -5*x - 148, 0 = -4*n - 3 - 1. Let i(p) = -62*p + 1. Is i(x) prime?
True
Let r(v) = 7*v**2 + 12*v + 19. Let l(x) = -6*x**2 - 13*x - 19. Let h(j) = 5*l(j) + 4*r(j). Let f be h(-8). Is (-6081)/f + (-4 - 46/(-11)) prime?
False
Suppose -162*s + 10407 = -159*s. Suppose -4*p + s = 5*l, 43 = p - 4*l - 819. Is p a composite number?
True
Let l(c) = -427*c**3 + 2*c**2 - 14*c + 14. Is l(-5) a prime number?
False
Let k(g) be the first derivative of 3*g**4/4 + g**3 + g**2/2 - 2*g + 18. Let x be k(-5). Let b = 720 - x. Is b prime?
False
Is 5 + ((-1)/(-2) - 59677488/(-288)) composite?
True
Let b = -130 - -138. Is 27110/b + 1/4 a prime number?
True
Suppose -4*u + 236868 = -5*s + 2902805, -2*u - 533185 = -s. Is s a composite number?
False
Suppose a + 3*s - 62860 = 0, a - 2*s + s = 62856. Is a a composite number?
True
Let o(j) = 148*j - 19. Let i be o(18). Let f = -1482 + i. Is f a composite number?
False
Let o(t) = -4*t**3 - 495*t**2 - 195*t - 57. Is o(-124) composite?
False
Let p(d) = -261*d**2 + 3*d - 7. Let b = 37 - 42. Let z(g) = 522*g**2 - 6*g + 15. Let m(r) = b*p(r) - 2*z(r). Is m(2) composite?
True
Let j(h) = -5*h**3 + h**2 - 2*h - 2. Let m be j(-1). Is (530730/60)/(m/20) prime?
False
Let s(o) = 7514*o**2 - 9*o + 41. Is s(4) a composite number?
True
Let l(i) = 887*i**2 - 68*i - 86. Is l(-13) prime?
False
Let a = -2087 + 7420. Is a - 0*(1 + 5/(-10)) prime?
True
Let j = -401 - -406. Is (12/36)/(j/18195) prime?
True
Suppose -13*p + 563996 + 969471 = 0. Is p prime?
True
Suppose -4*t - 7692 = -o - 25766, 3*o = 5*t - 22589. Suppose 25*w - 42672 + 110372 = 0. Let u = t + w. Is u a composite number?
False
Let v(a) be the third derivative of -a**6/60 - 4*a**5/15 - 7*a**4/12 - a**3/2 - 68*a**2. Is v(-11) a composite number?
False
Let c = 350 - 339. Suppose c*y - 61622 = 128205. Is y a composite number?
False
Suppose -10*l - 5*l = -l - 1788122. Is l a composite number?
True
Is (1 + 2)/((-1499216)/(-299842) + -5) a composite number?
False
Let t(i) = 77 - 56 + 108 + 41 + 3*i. Is t(-7) composite?
False
Let q = 827 - 358. Is q prime?
False
Let f(a) = 6*a - 36*a**2 + 56*a**2 + 0*a - 13 - 6 + 0*a. Let p(x) = -5*x + 2. Let d be p(2). Is f(d) prime?
True
Let c = 1318220 - 609579. Is c a composite number?
False
Let d(g) = 2*g**3 - g - 3747. Let x be d(0). Let j = x - -5810. Is j prime?
True
Suppose 80*t - 4064759 = 40*t - 43*t. Is t prime?
True
Suppose -117341 = 23*c - 24*c + 2*m, m - 352016 = -3*c. Is c composite?
True
Let w = -2175 - 117. Let o(z) = -6*z**2 + 42*z + 25. Let x be o(-20). Let k = w - x. Is k prime?
False
Suppose 75*c - 4426249 - 19794176 = 0. Is c a composite number?
False
Let d be (36/32)/(-1) - 6/(-48). Is (2 + (d - -1))*(-7522)/(-4) composite?
False
Let y be (-4)/12 - 8/(-6). Let x be 18*y*77/3. Let t = 167 + x. Is t a prime number?
False
Is (5*5/(-25) + -11817)/(-2) a composite number?
True
Suppose 256*t - 255*t + 802 = 0. Let y = 2631 + t. Is y prime?
False
Suppose -1664807 = -4*f - 3*m, 0 = 4*f - 16*m + 13*m - 1664801. Is f prime?
True
Suppose 44*a - 216 = 43*a. Let s = a + -201. Is s a composite number?
True
Let f(p) be the first derivative of 40*p**3/3 + 4*p**2 + 3*p + 43. Is f(8) a composite number?
True
Let x be (-42)/(-10) - (-3)/(-15). Suppose 0 = x*y - 4*f - 8, 0*f = 3*y + 5*f - 14. Suppose s - 2110 = -0*s - l, -y*s + 5*l = -6338. Is s a composite number?
False
Let t = -856 + 882. Suppose -t*h = 8*h - 356898. Is h a prime number?
False
Is 2911 - 1 - (54 - 67) a composite number?
True
Suppose -176*p = -189*p + 5830769 + 1467314. Is p composite?
True
Let w(h) = -2*h**2 + 16*h**2 + h**2 + 11*h + 926 - 2*h**2 - 953. Is w(23) a composite number?
False
Let r(o) = -18*o + 23. Suppose -5*x + 91 = -4*y - 125, 2*y - 32 = -x. Let f be (x/(-30))/(2/15). Is r(f) composite?
True
Suppose -35*o = -4*d - 37*o + 699722, 3*d - 524790 = -o. Is d a prime number?
True
Let m(h) = -5*h**2 - 51*h + 1. Let x be m(-4). Let r = x - 94. Is r composite?
False
Let d be (-79)/(-1 + (1 - (-1)/8)). Let z = d + 434. Is 607/11 + 0 + 36/z prime?
False
Let m(r) = 46*r + 59. Let v be m(-2). Is 606901/253 + ((-6)/v)/1 a composite number?
False
Let v be (-159)/((-38)/105 - (-3)/7). Let m = 248 - v. Is m composite?
False
Let d = -1859 + 7332. Is d composite?
True
Let k = 3 - 6. Let u be 3/(4 + k) - 260. Let m = 603 + u. Is m composite?
True
Suppose 0*b = 2*b + y - 26, -y = 5*b - 71. Let m = 47 - b. Is 382/1*208/m a composite number?
True
Let c be ((-1)/(-2))/(2/16). Suppose -1152 = -11*i + 4502. Is c*(i/8 - 0) prime?
True
Let b(h) = 331*h**3 + 63*h**2 - 37*h + 25. Is b(10) composite?
True
Let m(c) be the first derivative of c**7/60 - c**6/120 + c**5/60 + c**4/4 - c**3 - 6. Let u(b) be the third derivative of m(b). Is u(4) a composite number?
True
Let m(x) = 2 + 68*x**2 + 0*x + 3 + 8*x + 6. Is m(-4) prime?
False
Suppose 2*q + 3*l - 10351 = 20262, -5*q + l = -76524. Is q composite?
True
Suppose 24*y = 2559222 - 805614. Is y a prime number?
False
Let m(l) = 8*l**3 + 7*l**2 - 5*l - 14. Let n be m(6). Suppose g + g - 3880 = -2*y, 0 = g - y - n. Let p = 2735 - g. Is p a composite number?
False
Let u = 146416 + 220533. Is u composite?
True
Suppose 2*a + 2 = 4*a. Let b be (((-15)/(-6))/5)/(a/252). Suppose 3*z + 71 = i, -4*z - 142 = -4*i + b. Is i prime?
False
Suppose 396507 = -3481*g + 3484*g. Is g a composite number?
False
Is 46962 - (-8 - 247/(-39))/(2/(-6)) a prime number?
True
Let u = 745670 + -379701. Is u prime?
True
Suppose 0 = -3*u - 6*u + 36. Suppose -u*d - j + 48389 = 0, -3*d - 5*j + 36739 = 443. Is d a composite number?
False
Is ((-2)/(-6))/((-10)/(-906330)) composite?
False
Let p = -65 - -35. Is 3*2395/p*-2 a composite number?
False
Let c = 7 - 19. Suppose 18*k + 105 = -17*k. Is -1 + c/k + 434 prime?
False
Suppose 341935 + 182094 = 19*f - 4910902. Is f composite?
False
Let d = -2161062 - -3215749. Is d a prime number?
False
Let i(x) = x**3 + 35*x**2 - 25*x + 237. Is i(-16) a composite number?
False
Suppose 47453512 + 43466241 - 22528341 = 212*c. Is c composite?
True
Suppose -2*h + 5 = -5. Let k(m) be the first derivative of 133*m**3/3 + 9*m**2/2 - 11*m - 43. Is k(h) prime?
True
Let i be (-196)/147*(-591)/(-2). Let n = i + 773. Is n composite?
False
Let a be ((-1)/1 - -5)/(-2). Let v = 283 + -281. Is (-3 - a)/(v/(-74)) composite?
False
Suppose 4*v - 18 = p, 2*p - 33 = -4*v - 9. Suppose v*x + 679 + 879 = i, -2*i + x = -3089. Is i prime?
True
Suppose 10*s + 5*p = 9*s + 14218, -3*s = 4*p - 42709. Is s a composite number?
False
Let z(j) = 23*j + 1. Let h be z(-2). Let a = 50 + h. Suppose -x = a*l - 1702, -x - 6 = x. Is l a prime number?
False
Let t be (-19434)/(-10) + (-6)/(-10). Let p = -598 +